{"id":1247,"date":"2020-02-28T12:15:22","date_gmt":"2020-02-28T12:15:22","guid":{"rendered":"http:\/\/nasaloyal.com\/?page_id=1247"},"modified":"2020-03-15T17:53:59","modified_gmt":"2020-03-15T17:53:59","slug":"education","status":"publish","type":"page","link":"https:\/\/nasaloyal.com\/index.php\/education\/","title":{"rendered":"Education"},"content":{"rendered":"\t\t<div data-elementor-type=\"wp-page\" data-elementor-id=\"1247\" class=\"elementor elementor-1247\">\n\t\t\t\t\t\t<section class=\"elementor-section elementor-top-section elementor-element elementor-element-2244deb5 elementor-section-boxed elementor-section-height-default elementor-section-height-default\" data-id=\"2244deb5\" data-element_type=\"section\">\n\t\t\t\t\t\t<div class=\"elementor-container elementor-column-gap-default\">\n\t\t\t\t\t<div class=\"elementor-column elementor-col-50 elementor-top-column elementor-element elementor-element-47710264\" data-id=\"47710264\" data-element_type=\"column\">\n\t\t\t<div class=\"elementor-widget-wrap elementor-element-populated\">\n\t\t\t\t\t\t<div class=\"elementor-element elementor-element-20425b40 elementor-widget elementor-widget-text-editor\" data-id=\"20425b40\" data-element_type=\"widget\" data-widget_type=\"text-editor.default\">\n\t\t\t\t<div class=\"elementor-widget-container\">\n\t\t\t\t\t\t\t\t\t<p><strong>Quotes<\/strong><\/p>\t\t\t\t\t\t\t\t<\/div>\n\t\t\t\t<\/div>\n\t\t\t\t<div class=\"elementor-element elementor-element-74d8487 elementor-widget elementor-widget-text-editor\" data-id=\"74d8487\" data-element_type=\"widget\" data-widget_type=\"text-editor.default\">\n\t\t\t\t<div class=\"elementor-widget-container\">\n\t\t\t\t\t\t\t\t\t<p><a class=\"mw-redirect\" title=\"Etymologically\" href=\"https:\/\/en.wikipedia.org\/wiki\/Etymologically\">Etymologically<\/a>, the word &#8220;education&#8221; is derived from the Latin word\u00a0<i><a class=\"extiw\" title=\"wikt:en:educatio\" href=\"https:\/\/en.wiktionary.org\/wiki\/en:educatio#Latin\">\u0113duc\u0101ti\u014d<\/a><\/i> (&#8220;a breeding, a bringing up, a rearing&#8221;) from <i><a class=\"extiw\" title=\"wikt:en:educo\" href=\"https:\/\/en.wiktionary.org\/wiki\/en:educo#Latin\">\u0113duc\u014d<\/a><\/i>\u00a0(&#8220;I educate, I train&#8221;) which is related to the\u00a0<a title=\"Homonym\" href=\"https:\/\/en.wikipedia.org\/wiki\/Homonym\">homonym<\/a>\u00a0<i><a class=\"extiw\" title=\"wikt:en:educo\" href=\"https:\/\/en.wiktionary.org\/wiki\/en:educo#Latin\">\u0113d\u016bc\u014d<\/a><\/i>\u00a0(&#8220;I lead forth, I take out; I raise up, I erect&#8221;) from\u00a0<i><a class=\"extiw\" title=\"wikt:en:e-\" href=\"https:\/\/en.wiktionary.org\/wiki\/en:e-#Latin\">\u0113-<\/a><\/i>\u00a0(&#8220;from, out of&#8221;) and\u00a0<i><a class=\"extiw\" title=\"wikt:en:duco\" href=\"https:\/\/en.wiktionary.org\/wiki\/en:duco#Latin\">d\u016bc\u014d<\/a><\/i> (&#8220;I lead, I conduct&#8221;).<sup id=\"cite_ref-3\" class=\"reference\"><\/sup><\/p><pre><a href=\"https:\/\/en.wikipedia.org\/wiki\/Education\">https:\/\/en.wikipedia.org\/wiki\/Education<\/a><\/pre><p>\u00a0<\/p>\t\t\t\t\t\t\t\t<\/div>\n\t\t\t\t<\/div>\n\t\t\t\t<div class=\"elementor-element elementor-element-7c2ee53 elementor-widget elementor-widget-text-editor\" data-id=\"7c2ee53\" data-element_type=\"widget\" data-widget_type=\"text-editor.default\">\n\t\t\t\t<div class=\"elementor-widget-container\">\n\t\t\t\t\t\t\t\t\t<p>Other Latin words from which education is derived are <em>educare, educere, <\/em>and<em> educatum.<\/em><\/p>\t\t\t\t\t\t\t\t<\/div>\n\t\t\t\t<\/div>\n\t\t\t\t<div class=\"elementor-element elementor-element-f71f7c3 elementor-widget elementor-widget-text-editor\" data-id=\"f71f7c3\" data-element_type=\"widget\" data-widget_type=\"text-editor.default\">\n\t\t\t\t<div class=\"elementor-widget-container\">\n\t\t\t\t\t\t\t\t\t<p>&#8220;Education is the creation of a sound mind in a sound body&#8221; (Aristotle).<\/p>\n<p>&#8220;Education is the capacity to feel pleasure and pain at the right moment&#8221; (Plato).<\/p>\n<p>&#8220;Education means the bringing out of the ideas of universal validity which are latent in the mind of every person&#8221; (Socrates).<\/p>\n<p>\u00a0<\/p>\t\t\t\t\t\t\t\t<\/div>\n\t\t\t\t<\/div>\n\t\t\t\t<div class=\"elementor-element elementor-element-74cc060 elementor-widget elementor-widget-text-editor\" data-id=\"74cc060\" data-element_type=\"widget\" data-widget_type=\"text-editor.default\">\n\t\t\t\t<div class=\"elementor-widget-container\">\n\t\t\t\t\t\t\t\t\t<p>&#8220;Education is complete living&#8221; (Herbert Spencer).<\/p>\n<p>The illiterate are those who cannot learn, unlearn, and relearn (Alvin Toffler).<\/p>\n<p>&#8220;I don&#8217;t divide the world into the weak and the strong or the successful and failures. I divide the world into learners and non-learners&#8221; (Benjamin Barber).<\/p>\n<p>&#8220;If you think education is expensive, try ignorance&#8221; (Derek Bok).<\/p>\n<p>&#8220;Education is a condition of human survival&#8221; (Snelson, 1974).<\/p>\n<p>\u00a0<\/p>\n<p>\u00a0<\/p>\n<p>\u00a0<\/p>\t\t\t\t\t\t\t\t<\/div>\n\t\t\t\t<\/div>\n\t\t\t\t\t<\/div>\n\t\t<\/div>\n\t\t\t\t<div class=\"elementor-column elementor-col-50 elementor-top-column elementor-element elementor-element-523b0b0\" data-id=\"523b0b0\" data-element_type=\"column\">\n\t\t\t<div class=\"elementor-widget-wrap elementor-element-populated\">\n\t\t\t\t\t\t<div class=\"elementor-element elementor-element-38ad1e5 elementor-widget elementor-widget-text-editor\" data-id=\"38ad1e5\" data-element_type=\"widget\" data-widget_type=\"text-editor.default\">\n\t\t\t\t<div class=\"elementor-widget-container\">\n\t\t\t\t\t\t\t\t\t<p><strong>Access<\/strong><\/p>\t\t\t\t\t\t\t\t<\/div>\n\t\t\t\t<\/div>\n\t\t\t\t<div class=\"elementor-element elementor-element-93d5b4d elementor-widget elementor-widget-text-editor\" data-id=\"93d5b4d\" data-element_type=\"widget\" data-widget_type=\"text-editor.default\">\n\t\t\t\t<div class=\"elementor-widget-container\">\n\t\t\t\t\t\t\t\t\t<p>&#8220;In education, the term\u00a0<strong>access<\/strong> typically refers to the ways in which educational institutions and policies ensure\u2014or at least strive to ensure\u2014that students have equal and equitable opportunities to take full advantage of their education&#8221;<\/p><pre><a href=\"https:\/\/www.edglossary.org\/access\/\">https:\/\/www.edglossary.org\/access\/<\/a><\/pre>\t\t\t\t\t\t\t\t<\/div>\n\t\t\t\t<\/div>\n\t\t\t\t<div class=\"elementor-element elementor-element-3150a60 elementor-widget elementor-widget-text-editor\" data-id=\"3150a60\" data-element_type=\"widget\" data-widget_type=\"text-editor.default\">\n\t\t\t\t<div class=\"elementor-widget-container\">\n\t\t\t\t\t\t\t\t\t<p><em><strong>Concern<\/strong><\/em><\/p><p>&#8220;Access to education is at the heart of development &#8230;<\/p><p>Lack of education is part of the definition of poverty&#8230;&#8221;<\/p><pre><a href=\"http:\/\/www.create-rpc.org\/about\/\">http:\/\/www.create-rpc.org\/about\/<\/a><\/pre>\t\t\t\t\t\t\t\t<\/div>\n\t\t\t\t<\/div>\n\t\t\t\t<div class=\"elementor-element elementor-element-a56bc74 elementor-widget elementor-widget-text-editor\" data-id=\"a56bc74\" data-element_type=\"widget\" data-widget_type=\"text-editor.default\">\n\t\t\t\t<div class=\"elementor-widget-container\">\n\t\t\t\t\t\t\t\t\t<p><img fetchpriority=\"high\" decoding=\"async\" class=\"aligncenter wp-image-1308\" src=\"http:\/\/nasaloyal.com\/wp-content\/uploads\/2020\/02\/Santa-Maria-sch-300x225.jpg\" alt=\"\" width=\"300\" height=\"225\" srcset=\"https:\/\/nasaloyal.com\/wp-content\/uploads\/2020\/02\/Santa-Maria-sch-300x225.jpg 300w, https:\/\/nasaloyal.com\/wp-content\/uploads\/2020\/02\/Santa-Maria-sch-1024x768.jpg 1024w, https:\/\/nasaloyal.com\/wp-content\/uploads\/2020\/02\/Santa-Maria-sch-768x576.jpg 768w, https:\/\/nasaloyal.com\/wp-content\/uploads\/2020\/02\/Santa-Maria-sch-1536x1152.jpg 1536w, https:\/\/nasaloyal.com\/wp-content\/uploads\/2020\/02\/Santa-Maria-sch.jpg 2048w\" sizes=\"(max-width: 300px) 100vw, 300px\" \/><\/p>\n<pre>Santa Maria School, Chilubi Island, Zambia [Courtesy: Stephen Nakasamu]<\/pre>\t\t\t\t\t\t\t\t<\/div>\n\t\t\t\t<\/div>\n\t\t\t\t\t<\/div>\n\t\t<\/div>\n\t\t\t\t\t<\/div>\n\t\t<\/section>\n\t\t\t\t<section class=\"elementor-section elementor-top-section elementor-element elementor-element-74e61f7 elementor-section-boxed elementor-section-height-default elementor-section-height-default\" data-id=\"74e61f7\" data-element_type=\"section\">\n\t\t\t\t\t\t<div class=\"elementor-container elementor-column-gap-default\">\n\t\t\t\t\t<div class=\"elementor-column elementor-col-100 elementor-top-column elementor-element elementor-element-c677b57\" data-id=\"c677b57\" data-element_type=\"column\">\n\t\t\t<div class=\"elementor-widget-wrap\">\n\t\t\t\t\t\t\t<\/div>\n\t\t<\/div>\n\t\t\t\t\t<\/div>\n\t\t<\/section>\n\t\t\t\t<\/div>\n\t\t","protected":false},"excerpt":{"rendered":"<p>Quotes Etymologically, the word &#8220;education&#8221; is derived from the Latin word\u00a0\u0113duc\u0101ti\u014d (&#8220;a breeding, a bringing up, a rearing&#8221;) from \u0113duc\u014d\u00a0(&#8220;I educate, I train&#8221;) which is related to the\u00a0homonym\u00a0\u0113d\u016bc\u014d\u00a0(&#8220;I lead forth, I take out; I raise up, I erect&#8221;) from\u00a0\u0113-\u00a0(&#8220;from, out of&#8221;) and\u00a0d\u016bc\u014d (&#8220;I lead, I conduct&#8221;). https:\/\/en.wikipedia.org\/wiki\/Education \u00a0 Other Latin words from which education is [&hellip;]<\/p>\n","protected":false},"author":1,"featured_media":0,"parent":0,"menu_order":0,"comment_status":"open","ping_status":"closed","template":"","meta":{"site-sidebar-layout":"default","site-content-layout":"default","ast-site-content-layout":"default","site-content-style":"default","site-sidebar-style":"default","ast-global-header-display":"","ast-banner-title-visibility":"","ast-main-header-display":"","ast-hfb-above-header-display":"","ast-hfb-below-header-display":"","ast-hfb-mobile-header-display":"","site-post-title":"","ast-breadcrumbs-content":"","ast-featured-img":"","footer-sml-layout":"","ast-disable-related-posts":"","theme-transparent-header-meta":"default","adv-header-id-meta":"","stick-header-meta":"","header-above-stick-meta":"","header-main-stick-meta":"","header-below-stick-meta":"","astra-migrate-meta-layouts":"default","ast-page-background-enabled":"default","ast-page-background-meta":{"desktop":{"background-color":"var(--ast-global-color-4)","background-image":"","background-repeat":"repeat","background-position":"center center","background-size":"auto","background-attachment":"scroll","background-type":"","background-media":"","overlay-type":"","overlay-color":"","overlay-opacity":"","overlay-gradient":""},"tablet":{"background-color":"","background-image":"","background-repeat":"repeat","background-position":"center center","background-size":"auto","background-attachment":"scroll","background-type":"","background-media":"","overlay-type":"","overlay-color":"","overlay-opacity":"","overlay-gradient":""},"mobile":{"background-color":"","background-image":"","background-repeat":"repeat","background-position":"center center","background-size":"auto","background-attachment":"scroll","background-type":"","background-media":"","overlay-type":"","overlay-color":"","overlay-opacity":"","overlay-gradient":""}},"ast-content-background-meta":{"desktop":{"background-color":"var(--ast-global-color-5)","background-image":"","background-repeat":"repeat","background-position":"center center","background-size":"auto","background-attachment":"scroll","background-type":"","background-media":"","overlay-type":"","overlay-color":"","overlay-opacity":"","overlay-gradient":""},"tablet":{"background-color":"var(--ast-global-color-5)","background-image":"","background-repeat":"repeat","background-position":"center center","background-size":"auto","background-attachment":"scroll","background-type":"","background-media":"","overlay-type":"","overlay-color":"","overlay-opacity":"","overlay-gradient":""},"mobile":{"background-color":"var(--ast-global-color-5)","background-image":"","background-repeat":"repeat","background-position":"center center","background-size":"auto","background-attachment":"scroll","background-type":"","background-media":"","overlay-type":"","overlay-color":"","overlay-opacity":"","overlay-gradient":""}},"footnotes":""},"class_list":["post-1247","page","type-page","status-publish","hentry"],"_links":{"self":[{"href":"https:\/\/nasaloyal.com\/index.php\/wp-json\/wp\/v2\/pages\/1247","targetHints":{"allow":["GET"]}}],"collection":[{"href":"https:\/\/nasaloyal.com\/index.php\/wp-json\/wp\/v2\/pages"}],"about":[{"href":"https:\/\/nasaloyal.com\/index.php\/wp-json\/wp\/v2\/types\/page"}],"author":[{"embeddable":true,"href":"https:\/\/nasaloyal.com\/index.php\/wp-json\/wp\/v2\/users\/1"}],"replies":[{"embeddable":true,"href":"https:\/\/nasaloyal.com\/index.php\/wp-json\/wp\/v2\/comments?post=1247"}],"version-history":[{"count":38,"href":"https:\/\/nasaloyal.com\/index.php\/wp-json\/wp\/v2\/pages\/1247\/revisions"}],"predecessor-version":[{"id":1631,"href":"https:\/\/nasaloyal.com\/index.php\/wp-json\/wp\/v2\/pages\/1247\/revisions\/1631"}],"wp:attachment":[{"href":"https:\/\/nasaloyal.com\/index.php\/wp-json\/wp\/v2\/media?parent=1247"}],"curies":[{"name":"wp","href":"https:\/\/api.w.org\/{rel}","templated":true}]}}